 + 3*y - 15 = 0. Suppose -4*b + 35 + 33 = 2*z, -3*z + y*b + 124 = 0. What is the tens digit of z*(-4 - -5) + -4?
3
Let t(h) = h**2 - 5*h + 5. Suppose -5*b + 183 = 2*r - 0*r, 4*r = 2*b - 78. Let c = -43 + b. What is the tens digit of t(c)?
7
What is the tens digit of -3 - -269*(-3 + 4)?
6
Let u be 2 + 0 + 2 + (-1)/1. Suppose u*n = 6*n + a - 175, 3*a = 3*n - 195. What is the units digit of n?
0
Let g(r) = -9*r + 3. Suppose -9*u + 2*u = 56. What is the units digit of g(u)?
5
Let n = -161 - -161. Let m(p) = 6 + 3*p**2 - 2*p**2 + 15. What is the units digit of m(n)?
1
Let h be (2 + 3 + 0)*-31. Let c = h - -272. What is the tens digit of c?
1
What is the hundreds digit of (-2918)/(-4)*-1*(-2 - 0)?
4
What is the hundreds digit of (1116 - -24)*72/20?
1
Let y(d) = -11*d + 63. What is the hundreds digit of y(-20)?
2
Suppose -32 = 6*x - 116. What is the units digit of ((-7)/x)/((-1)/122)?
1
Let b(s) = 303*s - 330. What is the units digit of b(16)?
8
Suppose -1120 = -6*v - v. What is the tens digit of v?
6
Let q(h) = 3983*h**3 - 2*h**2 - h + 3. What is the hundreds digit of q(1)?
9
Suppose t + 19 - 108 = 0. Let l = t + 36. What is the units digit of l?
5
Let h = -15 + 16. Let p(w) = 16*w**2 + w. What is the units digit of p(h)?
7
Let w = 684 - -649. What is the thousands digit of w?
1
Let n(z) = -z**3 + 3*z + 11*z**2 + 17*z - 11 - 4. Let w be n(13). Let i = w + 158. What is the units digit of i?
5
Suppose 2*i = -2*p + 98, -4*p + 5*i + 215 = 37. What is the tens digit of p?
4
Let t = 240 + -230. What is the units digit of t?
0
Suppose -13 = 3*y + 23. Let m = 7 + y. What is the units digit of 5 + -6 + (-1 - m)?
3
Suppose -t = -5*t. Suppose t = -u - 5*u + 120. What is the units digit of u?
0
Suppose 5*j + 322 - 4028 = 3*f, 3*j = 5*f + 2214. What is the units digit of j?
3
Suppose 3*u = -5*o + 384 + 471, 3*u + 3*o - 855 = 0. What is the tens digit of u?
8
Let g(y) = -2*y**2 - 66*y - 24. What is the hundreds digit of g(-11)?
4
Let d(r) = 3*r - 9. Let u be d(-5). Let y = -24 - u. Suppose y = 3*m + 5*s - 21, 6*s - 3*s = 5*m - 35. What is the units digit of m?
7
Let f = 422 + -714. Let l = f - -445. What is the hundreds digit of l?
1
Let i = 99 - 148. What is the tens digit of ((-248)/(-14))/((-14)/i)?
6
Suppose 25*v - 24*v + 3 = 0. What is the units digit of (3 - (-94 - v))*(-25)/(-10)?
5
Suppose -2*h = -5*w + 8, 2*w + 6*h = 3*h - 12. Suppose 5*z = -w + 20. Suppose c = -g - c + 15, -g - z*c + 19 = 0. What is the tens digit of g?
1
Let p = -691 + 1157. Suppose 281 = 3*v + 2*u, -5*v + 4*u + 17 + p = 0. What is the units digit of v?
5
Let y(z) = z**3 - 3*z**2 - 2. Let o(w) = -4*w**2 - 3. Let s(p) = -2*o(p) + 3*y(p). Let u be s(1). What is the units digit of u + -46*1/(-2)?
5
Suppose 29662 = 9*h + 9394. What is the thousands digit of h?
2
Let t(w) = w**3 + 6*w**2 - 5*w + 8. Suppose 2*z - 3*r = z + 14, -2*z + 13 = -3*r. Let p(j) = -j. Let o(i) = z*t(i) + 4*p(i). What is the units digit of o(-7)?
4
Let v(j) = -j**2 - 16*j - 57. Let i be v(-11). Let r(n) = 2*n**2 - 1. Let c be r(-1). What is the units digit of 36/(i + (c - -3))?
8
Let t = -138 - -144. What is the units digit of (1 - -3) + (269 - t)?
7
Let n(q) = -q**3 + 11*q**2 - 11*q + 12. Let p be n(10). Suppose -4*h + 120 = 5*x, 120 = 3*x + p*x - 2*h. Let v = x + 20. What is the units digit of v?
4
What is the tens digit of (-10244)/65*(3 + (-22)/4)?
9
What is the tens digit of (-597 - 1)*14/(-28)?
9
Suppose -2*t = 1 - 11. Suppose j - 92 = t*j. Let l = 40 + j. What is the units digit of l?
7
Let k = 12 - 14. Let g be -1 - (0 + -37) - k. Suppose -2*b + 0*m - 5*m = -g, -5*b + m = -41. What is the units digit of b?
9
Suppose 8*m - 12*m + 8 = 0. Suppose -s = 2*r + 3*r - 243, m*s - 4*r = 472. What is the units digit of s?
8
Let l(i) = 4*i + 0*i**3 - 6 + i**3 - 7 + 4 - 5*i**2. What is the units digit of l(6)?
1
What is the units digit of 1987/3 - 6 - (-3)/(-9)?
6
Let y be 14/4 - (-9)/(-6). Suppose -36 = -6*g + y*g. What is the units digit of g?
9
Let f(l) = -3*l**2 + 19*l + 1. Let c(x) = 4*x**2 - 19*x - 1. Let m(r) = -6*c(r) - 7*f(r). What is the units digit of m(-6)?
5
Suppose 4*o + 10 = 70. Let a(v) = -v**3 + 14*v**2 + 16*v - 14. What is the units digit of a(o)?
1
Let y be 3*((-14)/21)/(-1*2). Let l(o) = 131*o**2 - 1. What is the units digit of l(y)?
0
Let i = -19 + 21. Suppose -i = -3*s + s. What is the units digit of s*(-45)/(-1) + 0?
5
Suppose -5*k + 29 = -2*r, 3*r - r = -4*k + 16. Let s(v) = v + 1. What is the units digit of s(k)?
6
Suppose -3*d = 2*z - 160 - 529, -z + 357 = -d. What is the tens digit of (1*z/10)/(5/25)?
7
Suppose -1976 = -5*f - o, 4*o + 0*o + 1996 = 5*f. What is the units digit of f?
6
Suppose 1123 = b - 3*a - 1030, 5*b - 4*a = 10787. What is the tens digit of b?
5
Let n be (-5 - -118 - 0)/1. Let r = n - 7. What is the tens digit of r?
0
Let y = 2422 - 1638. What is the hundreds digit of y?
7
Let z(a) = 7*a**2 - 16*a + 13. What is the hundreds digit of z(8)?
3
Let f(k) = -k**2 + 9*k - 22. Let j be f(8). Suppose 270 = -0*w + 5*w. Let x = j + w. What is the units digit of x?
0
Let k be -223 + 0/1 - 1. Let w be (-2)/11 + k/(-22). Suppose -8*z - 42 = -w*z. What is the units digit of z?
1
Let l(w) = -w**2 + 3*w + 8. Let o be l(4). Suppose -2*m - 2*p = 10, -2*m + 0*m + o*p = -20. Suppose 3*j - 61 - 47 = m. What is the tens digit of j?
3
Suppose 5*i = 24 + 11. Suppose k = i*k - 24. What is the units digit of k?
4
Suppose -132 = -c - 2*t, 0 = 4*c - c + 4*t - 390. Suppose 7*n - 637 + c = 0. What is the tens digit of n?
7
Suppose -96 = -4*d + 108. Let y = d - 26. What is the tens digit of y?
2
Suppose -4*q + 5*p + 28 + 1 = 0, 3*p = -4*q - 11. Suppose 4*k + 21 = -5*h, -7*h + 2*h + 4*k + 11 = 0. What is the tens digit of h + q - (-12 - 3)?
1
Suppose 4*f = 3*d + 9 - 1, -f + 4*d = -2. Suppose -10*z + 16*z - 180 = 0. Suppose 0 = -h + f*c + z, -2*h + 4*c = h - 96. What is the units digit of h?
6
Suppose 11*g - 32 = 12. Suppose -77 = -g*t + 71. What is the units digit of t?
7
Let y(v) = -v**2 + v + 19. Let l be y(0). Let o = 53 - l. What is the tens digit of o?
3
Suppose 0 = 25*a - 29*a + 5912. What is the tens digit of a?
7
Suppose -p = -7*p + 30. Suppose p*x - f = x + 458, 2*f = 3*x - 341. What is the tens digit of x?
1
Let t(l) = -4*l - 12. Let p(z) = z**2 + 4*z + 1. Let m be p(-5). Suppose 24 = -m*b + 3*b. What is the units digit of t(b)?
0
Let g = 64 + -56. Suppose -j = -16 + g. What is the units digit of j?
8
Let g(d) = 130*d**3 + 5*d**2 - 17*d + 1. What is the thousands digit of g(3)?
3
Let g be -4*4/((-80)/2965). Suppose 5*l - g = -4*h, -5*h + 186 - 685 = -4*l. What is the hundreds digit of l?
1
Let b be -3*(12/(-9) - 0). Suppose 2 = 4*y + 2*u, 2*y = 8*u - b*u + 26. Suppose 5 = -j - 5*x + 50, -5*x - 115 = -y*j. What is the units digit of j?
0
What is the thousands digit of (106/(-4))/((-20)/2840)?
3
Let r(l) = 2*l**2 - 6*l - 8. Let o(w) = -w**3 + 4*w**2 + 3*w - 7. Let p be o(4). What is the units digit of r(p)?
2
Let b(c) be the third derivative of -c**5/60 - 19*c**4/24 - 25*c**3/6 - 8*c**2. Let l be b(-18). Let h = l + 19. What is the units digit of h?
2
Suppose p - 17 = -2*w - 3*w, 6 = -2*p. Let o = 7 - w. Suppose 26 = 4*k - o*j, -2*k + 0*k = -5*j - 6. What is the units digit of k?
8
Suppose 8*f = 11*f - 12. Suppose 4*y = d + 2*d - 227, 3*y = -f*d + 311. What is the tens digit of d?
7
Let s(l) be the second derivative of l**5/20 + 19*l**4/12 - 3*l**3/2 - 15*l**2/2 - 39*l. What is the units digit of s(-19)?
6
Let p(a) = 17*a**2 + 7*a + 6. Let z be p(6). Suppose 0 = s - 5*s + z. What is the tens digit of s?
6
Let y be 25/(5 - 10) - -13. What is the tens digit of (-1*(-3 + y))/(7/(-112))?
8
Let m be 6/4 + (-65)/(-2). Let o = m - -51. What is the tens digit of o?
8
Suppose 6*y + 28 = 106. Let j = -8 + -3. Let u = y + j. What is the units digit of u?
2
Suppose 7*r - 4*r + 18 = 0. Let x = r - -5. What is the units digit of (-3 - x) + 3 + 20?
1
Let b be 5/(-20) + (-43)/4. Suppose 2*c - 2*y = -86, -2*y = y + 12. Let h = b - c. What is the tens digit of h?
3
Let p = 6 + -4. Let h(g) = -g**2 - g. Let r(y) = -12*y**2 + 6*y - 1. Let a(u) = -4*h(u) - r(u). What is the units digit of a(p)?
1
Suppose -5*i + i + 2*t + 86 = 0, 5*i - 5*t = 110. Let g = i - -12. What is the units digit of g?
3
Let o be (8/5)/(2/5). Sup